Let j = 37 - l. Determine z(j).
1
Let v(f) = 11*f - 6*f - 9*f - 8*f. Determine v(1).
-12
Let z = -1 + -40. Let r = z + 48. Let s(d) = d**2 - 7*d + 5. Give s(r).
5
Let p(k) = k + 1. Let b(m) = m + 2*m**3 - 1 + 18*m**2 - 3*m**3 + 20 + 2*m**3. Let i be b(-18). Determine p(i).
2
Let h = 17 - 6. Let g(b) = 14*b - 11 + h. Calculate g(-1).
-14
Let d = -10 - -15. Suppose 4*i + 22 = p + p, 5*p + 4*i + 1 = 0. Suppose 8 = d*o + p. Let g(m) = -8*m + 1. Determine g(o).
-7
Let g(h) = 16*h**3 + 3*h**2 - h - 2. Let o(d) = -d**3 - d**2 + 1. Let x(u) = g(u) + 2*o(u). Let z be ((-1)/(-4))/(5/20). Calculate x(z).
14
Let u = 63 - 60. Let l(v) = 13*v**2 - 32 - 7*v**2 + v**u + 24 - v. Calculate l(-6).
-2
Suppose 2*y - 7*y - 20 = 5*b, -2*b = 2. Let a(c) = c**2 - 2. What is a(y)?
7
Suppose 55 = v - 48. Let i(s) = s + s - 101*s**2 + v*s**2. Give i(2).
12
Suppose 21 = 5*q - 4. Let b(t) = -3*t + 0 - 1 - 2*t + 6*t. Give b(q).
4
Let h(a) be the third derivative of -3*a**5/20 + a**4/24 + a**3/6 - 3*a**2. Let q = -216 + 215. Calculate h(q).
-9
Let i(p) = p - 1. Suppose 0 = -3*x + 3 + 6. Let y be i(x). Let f(g) = -4*g - g + 2*g + 4*g. Give f(y).
2
Suppose -109*m + 107*m = -6. Let a be (-7 - -9) + -2 + 0. Let r(q) = 0*q + 3*q - 4 + a*q - q**2. What is r(m)?
-4
Let t(m) = 7*m**2 - m - 5. Let s(a) = 6*a**2 + 13*a**2 - 16*a**2 - 2. Let z(i) = -5*s(i) + 2*t(i). Calculate z(-3).
-3
Let j(h) = 11*h**2 - 5*h + 1. Let n(k) = -2*k**2 - k. Let i(w) = j(w) + 6*n(w). Determine i(-5).
31
Suppose 0 = 2*t + 3*t - 2*i - 44, 10 = -5*i. Let d(a) = -10 - 3*a - 2*a**2 - t - 6 + 23 - a**3. Suppose 12 - 2 = -5*o. Give d(o).
5
Let n(w) = -162*w**2 - 2*w**3 + 3*w**3 - 9 + 155*w**2 + 6*w. What is n(7)?
33
Let m = -1991 - -1989. Let u(b) = 10*b + 2. Give u(m).
-18
Suppose 4*w - 2 = 3*w. Let a be w/3*21/7. Let h(t) = -4*t**2 + 2 - 285*t + 284*t + 3*t**a. Calculate h(0).
2
Suppose 0 = b - 33 + 31. Let f(z) = z**2 + 1 - b*z**2 - 52*z - 2 + 55*z. Let c(h) = h**3 + 4*h**2 + 3*h + 3. Let p be c(-3). Calculate f(p).
-1
Let f(y) = -2*y**2 - 3*y + 1. Suppose 2*h = -2*h - 56. Let v = 16 - 0. Let l = v + h. Give f(l).
-13
Let x(z) = -15 - 57*z**2 + 11*z**2 + 8*z**2 + 7*z**2 - 3*z + 32*z**2. Calculate x(8).
25
Suppose -5*s = j - 3*s, -3*j + 11 = -5*s. Let v(y) = 33*y - y**2 + 2*y**j - 40*y + 3. Give v(7).
3
Let k(f) = f**2 - 9*f. Suppose -220 = 2*q - 6*q. Let h = q - 48. What is k(h)?
-14
Let q(b) be the second derivative of b**4/12 - b**2 + 13*b + 7. Give q(-2).
2
Let g(t) = -18*t**3 - t + 1. Let l(h) = -16*h + 21. Let y be l(-8). Let f = -148 + y. What is g(f)?
-18
Let w(h) = h + 23. Let u be w(-8). Suppose m + 2*m = u. Let q(b) = 7 - 3 - 3*b + 1. What is q(m)?
-10
Let d(j) = -j**2 + 2. Let t be (-16)/(-6) + 5/15. Suppose -c = t*c. Give d(c).
2
Let u(v) = 2*v - 2. Let a = -3 + -82. Let r = -87 - a. Determine u(r).
-6
Suppose -2*s + 17 = -31. Suppose -s = i - 5*i. Let t = i + -9. Let o(k) = -k**2 - 6*k - 1. Determine o(t).
8
Let w(b) = b**2 + 7*b - 9. Suppose 2*y + z = -13, y - 5*z = -y + 17. Let u be 0 + (-3 - (y + 9) - -1). Give w(u).
-9
Let g(l) = l**2 + 6*l + 9. Let o(q) = -2*q**2 - 12*q - 17. Let f(i) = -11*g(i) - 6*o(i). Suppose -35*p - 182 = -7. What is f(p)?
-2
Let q(b) = 23*b**3 + b + 2*b**2 - 24*b**3 - 3*b**2. Let i(d) = -d. Let v(k) = -k. Let m(x) = i(x) + v(x). Let z be m(1). Give q(z).
2
Let d(u) = -u**2 + 48*u + 269. Let j be d(-5). Let i(r) = -2*r**2 + 6*r - 3. Give i(j).
-11
Suppose -14*g = 45 + 53. Let c be (6 + g)/(3 + 20/(-6)). Let h(v) = v**3 - 2*v**2 - 4*v - 1. Give h(c).
-4
Let u(g) = 2*g - 2*g - 2 + 3*g - g**2 - 2*g. Give u(-2).
-8
Let c be 0 + 0 + 9*11/396. Let d(g) be the second derivative of -1/6*g**3 + 0 + 1/2*g**2 + 1/20*g**5 - c*g**4 + 4*g. Determine d(2).
-5
Let c(r) = -2*r**2 - 2*r + 3. Suppose -2*u - a = 13, -2*a - 5 = -a. Let h be (3 - (-12)/u)/2. Suppose 0*x + 3*x - 3*b - 12 = 0, h = 3*b + 6. What is c(x)?
-9
Let q(y) = -y**3 - 5*y**2 - 5*y - 1. Let c = -15 - -17. Let f be c*(18/4 - 2). Suppose -f*s + 2 = 2*b, 7 = 4*s - 1. Determine q(b).
3
Suppose -162 - 98 = -13*d. Let x(s) = s**2 - 22*s + 35. Give x(d).
-5
Let t(a) = -2. Let h(k) = -k + 5. Let i(d) = 3*h(d) + 6*t(d). Give i(3).
-6
Let w(p) = 2*p + 7 + p - 10 + 0 - 4*p. Let k(f) = -1. Let c(q) = -4. Let l(y) = c(y) - 3*k(y). Let t(i) = 3*l(i) + w(i). Determine t(0).
-6
Let w(m) = -8*m + 21. Let b(z) = -4*z + 11. Let d(s) = -7*b(s) + 4*w(s). Let g(c) = -24*c**2 + 76*c - 7. Let j be g(3). Calculate d(j).
-13
Suppose 57*y = 69*y - 468. Let f = 130 + -90. Let i = y - f. Let d(o) = 2*o. Calculate d(i).
-2
Suppose 8 + 6 = 2*y. Suppose -3*k + y - 1 = 0. Let a(o) = -6 + 2*o**k - o**2 + 6*o - 7*o. What is a(0)?
-6
Let i(p) = -2*p**3 + 3*p**2 + 5*p - 5. Let n be i(2). Let u be ((-27)/(n*-3))/((-24)/16). Let y(h) be the first derivative of -h**2 - 6*h + 1. Determine y(u).
6
Let j be 302/(-36)*-3 + (-3)/18. Suppose -19*z - j = -24*z. Let i(g) = -g**3 + 4*g**2 + 7*g - 6. Determine i(z).
4
Suppose 0 = -z - 12*z - 13. Let m(n) = n - 1. Let w(j) = -12*j + 10. Let y(p) = -20*m(p) - 2*w(p). Let t(r) = 5*r. Let s(c) = -3*t(c) + 2*y(c). Calculate s(z).
7
Let u(o) = -o**2 + 2*o + 3. Let t = 436 - 436. What is u(t)?
3
Suppose 0*y = 3*y - 6. Suppose 7*i - y*i = -10. Let w(g) be the first derivative of g**3/3 + g**2/2 + g - 30. Determine w(i).
3
Let c(s) = s**3 + 2*s**2 - 2*s - 4. Let l(o) = -o**3 + 7*o**2 - 2*o + 11. Suppose -12 = n + 2*n, 4*g + 3*n - 16 = 0. Let m be l(g). Give c(m).
-7
Let q(t) = -t**3 - 8*t**2 - 10*t - 10. Suppose 0 = -210*y + 220*y + 50. Calculate q(y).
-35
Let s = -22 - -12. Let j = s + 8. Let t(m) = 0*m + 2*m - 4*m + 2. Give t(j).
6
Suppose 5*n + 15 = 25. Let z(l) = 4 - 7*l - 11 - l**3 - 7*l**n + 6. Calculate z(-6).
5
Let u(y) be the third derivative of -y**5/6 + y**4/6 - 2*y**3/3 + 448*y**2. Calculate u(2).
-36
Let n = 315 - 321. Let l(c) = -c**2 - c + 5. What is l(n)?
-25
Let a = -472 - -475. Let m(r) = 2 + 0*r - 1 + 3*r**2 - r - r**3. Calculate m(a).
-2
Let l = -1 - 2. Let w(x) = x - 63. Let s(k) = k + 16. Let d(h) = -4*s(h) - w(h). What is d(l)?
14
Let m(w) be the first derivative of 1/3*w**3 - 4*w**2 - 6*w + 7. Let b be m(8). Let f(q) = -q - 2. Calculate f(b).
4
Let g(z) = -z**3 + 3*z**2 - 2*z - 2. Let b be g(2). Let c(y) be the second derivative of -12*y - 1/3*y**3 + 0 - 1/2*y**2. Determine c(b).
3
Let u = 5 + -2. Let j(t) = -1 + 10*t + 46*t**2 - 19*t + 13*t - 47*t**2. Give j(u).
2
Let x(q) = q**2 + 6*q + 3. Let i = -17 - -57. Suppose -i = -8*r + 4*r. Suppose 3*d + 4*z = -1, -r = 2*d - 3*z + z. Determine x(d).
-6
Let i(t) = -23*t + 13 - 25*t + 72*t - 23*t + 2. Calculate i(-16).
-1
Let t(j) = -j**3 - 5*j**2 - 7*j - 6. Let q(l) = l + 16. Let u be q(-11). Suppose u = 5*f - 15. Suppose f*w + 20 = 4. Determine t(w).
6
Let g(r) = -r**3 - 4*r**2 + 2*r - 3. Let z(x) = -x - 9. Let d be z(-3). Let a be g(d). Suppose 0 = -7*t - 1 + a. Let v(n) = n**2 - 6*n - 10. What is v(t)?
6
Let r(s) be the second derivative of s**4/6 + 5*s**3/6 - 3*s**2/2 + s - 10. Give r(-5).
22
Let s(r) = 7*r + 36. Let w be s(-5). Let a(b) = 48*b**3 + b**2 - 2*b + 1. What is a(w)?
48
Let p be 13 - (-6)/((-42)/35). Let a(y) = -y**2 + 9*y - 11. Calculate a(p).
-3
Let q(j) = -10*j - 29*j + 34*j + 10. Calculate q(3).
-5
Let c(n) = 4*n**2 + 3*n. Let k = 95 - 89. Let y(r) = 5*r**2 + 2*r + 1. Let s(b) = k*c(b) - 5*y(b). Give s(6).
7
Suppose 96*r + 15 + 8 = 23. Let f(n) be the first derivative of -n**3/3 + n**2/2 + 3*n - 1. What is f(r)?
3
Let y be (-2*1)/((-7)/14). Let c(g) = 3 - y + 0 - g. Let k be 4/(-6)*(0 + 9). What is c(k)?
5
Let m(y) = -4*y + 7 + 26 - 87 + 27. What is m(-5)?
-7
Let w(p) = p**3 + 3*p + 5910 + 6*p**2 - 5900 + 3*p. Give w(-5).
5
Let w be 6/((-16)/24*(7 - 4)). Let d(v) = -10*v - 14. Determine d(w).
16
Let h(g) be the first derivative of 8*g**2 - 12*g + 4. Suppose z + 0*z = 2. Let i(r) = 4*r - 3. Let s(k) = z*h(k) - 9*i(k). Give s(2).
-5
Let q(j) be the third derivative of j**4/8 + j**3/6 + 12*j**2 + 105*j. Suppose 0*p - 3*s = -3*p, -2*s = -4*p - 6. Let c = p - -1. Give q(c).
-5
Let l(y) = -27*y**3 - y**2 - y. Suppose -2*c = 129 - 127. Determine l(c).
27
Let z = 22 + -26. Let x(m) = 0 - 8*m + 9*m - 2. What is x(z)?
-6
Suppose 3*u + u + 2*r = 90, -r + 91 = 4*u. Let s be -6 + u - (1 + -1). Let z(c) = c - 2 - s*c**2 - 3 + c**3 + 0 + 11*c**2. Give 